{"id":805,"date":"2024-01-30T10:03:11","date_gmt":"2024-01-30T10:03:11","guid":{"rendered":"https:\/\/gaiamind.dk\/?page_id=805"},"modified":"2024-01-31T18:14:14","modified_gmt":"2024-01-31T18:14:14","slug":"gaia-mind","status":"publish","type":"page","link":"https:\/\/gaiamind.dk\/index.php\/kontakt\/gaia-mind\/","title":{"rendered":"Gaia Mind"},"content":{"rendered":"\n<div class=\"wp-block-group alignfull has-mono-4-background-color has-background has-global-padding is-layout-constrained wp-container-core-group-is-layout-129f6e7c wp-block-group-is-layout-constrained\" style=\"margin-top:0;margin-bottom:0;padding-top:var(--wp--preset--spacing--superbspacing-large);padding-right:var(--wp--preset--spacing--superbspacing-small);padding-bottom:var(--wp--preset--spacing--superbspacing-large);padding-left:var(--wp--preset--spacing--superbspacing-small)\">\n<h2 class=\"wp-block-heading has-text-align-center has-primary-hover-color has-text-color has-link-color has-superbfont-medium-font-size wp-elements-bd2cd15779bcdac13b227b821dca9f7a\">Hvad betyder det? <\/h2>\n\n\n\n<div class=\"wp-block-columns alignwide is-layout-flex wp-container-core-columns-is-layout-25593187 wp-block-columns-is-layout-flex\">\n<div class=\"wp-block-column is-vertically-aligned-center is-layout-flow wp-container-core-column-is-layout-a1628350 wp-block-column-is-layout-flow\" style=\"padding-top:0;padding-right:0;padding-bottom:0;padding-left:0\">\n<h2 class=\"wp-block-heading has-text-align-left has-superbfont-xlarge-font-size\">Gaia Mind<\/h2>\n\n\n\n<div class=\"wp-block-group is-layout-flow wp-container-core-group-is-layout-ff697075 wp-block-group-is-layout-flow\">\n<p class=\"has-text-align-left has-secondary-color has-text-color has-superbfont-small-font-size\">Navnet <em>Gaia Mind<\/em> er f\u00f8dt ud af den holistiske forst\u00e5else af, at krop og sind er ul\u00f8seligt forbundne.<\/p>\n\n\n\n<p class=\"has-text-align-left has-secondary-color has-text-color has-superbfont-small-font-size\"><strong>Gaia<\/strong> er if\u00f8lge den gr\u00e6ske mytologi Jordens Gudinde, ogs\u00e5 kendt som Moder Jord, og navnet Gaia  repr\u00e6senterer i denne sammenh\u00e6ng det, at vi er levende v\u00e6sener med en fysisk krop og med en betydningsfuld forbindelse til naturen. <\/p>\n\n\n\n<p class=\"has-text-align-left has-secondary-color has-text-color has-superbfont-small-font-size\"><strong>Mind <\/strong>kan p\u00e5 dansk overs\u00e6ttes til sind, der referer til vores indre verden; vores psykiske eller \u00e5ndelige tilstand som mennesker. I dette er indeholdt vores mentale og kognitive processer, herunder vores tanker, f\u00f8lelser og bevidsthed.<\/p>\n\n\n\n<p><\/p>\n<\/div>\n<\/div>\n\n\n\n<div class=\"wp-block-column is-vertically-aligned-center is-layout-flow wp-container-core-column-is-layout-40a2a7e8 wp-block-column-is-layout-flow\" style=\"padding-right:0;padding-bottom:0;padding-left:0\">\n<figure class=\"wp-block-image size-large has-custom-border\"><img loading=\"lazy\" decoding=\"async\" width=\"819\" height=\"1024\" src=\"http:\/\/gaiamind.dk\/wp-content\/uploads\/2023\/12\/forrest_1701861765-819x1024.jpeg\" alt=\"\" class=\"wp-image-81\" style=\"border-radius:0px\" srcset=\"https:\/\/gaiamind.dk\/wp-content\/uploads\/2023\/12\/forrest_1701861765-819x1024.jpeg 819w, https:\/\/gaiamind.dk\/wp-content\/uploads\/2023\/12\/forrest_1701861765-240x300.jpeg 240w, https:\/\/gaiamind.dk\/wp-content\/uploads\/2023\/12\/forrest_1701861765-768x960.jpeg 768w, https:\/\/gaiamind.dk\/wp-content\/uploads\/2023\/12\/forrest_1701861765-scaled.jpeg 2048w\" sizes=\"auto, (max-width: 819px) 100vw, 819px\" \/><\/figure>\n<\/div>\n<\/div>\n<\/div>\n","protected":false},"excerpt":{"rendered":"<p>Hvad betyder det? Gaia Mind Navnet Gaia Mind er f\u00f8dt ud af den holistiske forst\u00e5else af, at krop og sind er ul\u00f8seligt forbundne. Gaia er if\u00f8lge den gr\u00e6ske mytologi Jordens Gudinde, ogs\u00e5 kendt som Moder Jord, og navnet Gaia repr\u00e6senterer i denne sammenh\u00e6ng det, at vi er levende v\u00e6sener med en fysisk krop og med [&hellip;]<\/p>\n","protected":false},"author":1,"featured_media":0,"parent":142,"menu_order":0,"comment_status":"closed","ping_status":"closed","template":"","meta":{"footnotes":""},"class_list":["post-805","page","type-page","status-publish","hentry"],"_links":{"self":[{"href":"https:\/\/gaiamind.dk\/index.php\/wp-json\/wp\/v2\/pages\/805","targetHints":{"allow":["GET"]}}],"collection":[{"href":"https:\/\/gaiamind.dk\/index.php\/wp-json\/wp\/v2\/pages"}],"about":[{"href":"https:\/\/gaiamind.dk\/index.php\/wp-json\/wp\/v2\/types\/page"}],"author":[{"embeddable":true,"href":"https:\/\/gaiamind.dk\/index.php\/wp-json\/wp\/v2\/users\/1"}],"replies":[{"embeddable":true,"href":"https:\/\/gaiamind.dk\/index.php\/wp-json\/wp\/v2\/comments?post=805"}],"version-history":[{"count":9,"href":"https:\/\/gaiamind.dk\/index.php\/wp-json\/wp\/v2\/pages\/805\/revisions"}],"predecessor-version":[{"id":944,"href":"https:\/\/gaiamind.dk\/index.php\/wp-json\/wp\/v2\/pages\/805\/revisions\/944"}],"up":[{"embeddable":true,"href":"https:\/\/gaiamind.dk\/index.php\/wp-json\/wp\/v2\/pages\/142"}],"wp:attachment":[{"href":"https:\/\/gaiamind.dk\/index.php\/wp-json\/wp\/v2\/media?parent=805"}],"curies":[{"name":"wp","href":"https:\/\/api.w.org\/{rel}","templated":true}]}}