{"id":122,"date":"2023-12-13T10:45:47","date_gmt":"2023-12-13T10:45:47","guid":{"rendered":"http:\/\/gaiamind.dk\/?page_id=122"},"modified":"2024-03-13T12:27:48","modified_gmt":"2024-03-13T12:27:48","slug":"kirkeyoga","status":"publish","type":"page","link":"http:\/\/gaiamind.dk\/index.php\/yoga\/kirkeyoga\/","title":{"rendered":"KirkeYoga"},"content":{"rendered":"\n<div class=\"wp-block-group alignfull superbthemes-navigation-004 is-layout-flow wp-block-group-is-layout-flow\" style=\"margin-top:0;margin-bottom:0\">\n<div class=\"wp-block-cover is-light\" style=\"margin-top:0;margin-bottom:0;padding-top:var(--wp--preset--spacing--superbspacing-xxlarge);padding-right:var(--wp--preset--spacing--superbspacing-small);padding-bottom:var(--wp--preset--spacing--superbspacing-xxlarge);padding-left:var(--wp--preset--spacing--superbspacing-small)\"><span aria-hidden=\"true\" class=\"wp-block-cover__background has-background-dim-20 has-background-dim\"><\/span><img loading=\"lazy\" decoding=\"async\" width=\"1708\" height=\"2560\" class=\"wp-block-cover__image-background wp-image-357\" alt=\"\" src=\"http:\/\/gaiamind.dk\/wp-content\/uploads\/2024\/01\/spiritualiity_1705063563-scaled.jpeg\" style=\"object-position:52% 64%\" data-object-fit=\"cover\" data-object-position=\"52% 64%\" srcset=\"http:\/\/gaiamind.dk\/wp-content\/uploads\/2024\/01\/spiritualiity_1705063563-scaled.jpeg 1708w, http:\/\/gaiamind.dk\/wp-content\/uploads\/2024\/01\/spiritualiity_1705063563-200x300.jpeg 200w, http:\/\/gaiamind.dk\/wp-content\/uploads\/2024\/01\/spiritualiity_1705063563-683x1024.jpeg 683w, http:\/\/gaiamind.dk\/wp-content\/uploads\/2024\/01\/spiritualiity_1705063563-768x1151.jpeg 768w\" sizes=\"auto, (max-width: 1708px) 100vw, 1708px\" \/><div class=\"wp-block-cover__inner-container has-global-padding is-layout-constrained wp-container-core-cover-is-layout-c988a726 wp-block-cover-is-layout-constrained\">\n<div class=\"wp-block-group alignwide has-global-padding is-content-justification-left is-layout-constrained wp-container-core-group-is-layout-839044b3 wp-block-group-is-layout-constrained\">\n<div class=\"wp-block-group alignwide has-global-padding is-layout-constrained wp-block-group-is-layout-constrained\">\n<h1 class=\"wp-block-heading alignwide has-text-align-left has-base-color has-text-color has-superbfont-xxlarge-font-size\" style=\"font-style:normal;font-weight:700\">KirkeYoga <\/h1>\n\n\n\n<p class=\"has-text-align-left has-base-color has-text-color has-superbfont-small-font-size\"><\/p>\n<\/div>\n<\/div>\n<\/div><\/div>\n<\/div>\n\n\n\n<p>KirkeYoga, Himmelske Kroppe, CrossYoga, k\u00e6rt barn har mange navne og ogs\u00e5 indholdet er forskelligt alt efter, hvem der laver det. Nogle steder foreg\u00e5r det i sognehuse og andre steder i selve kirkerummet, nogle steder inkluderes salmer, b\u00f8nner eller bibell\u00e6sning og andre steder er fokus udelukkende p\u00e5 den kropslige praksis. F\u00e6lles for alle versioner er, at det er yoga i en kristen kontekst og udgangspunktet er et \u00f8nske om at inddrage kroppen i den kristne tro. <\/p>\n\n\n\n<p>Traditionelt set er yoga en flere tusind \u00e5r gammel filosofisk retning indenfor hinduismen, og de fysiske \u00f8velser vi kender som yoga i vesten i dag, er kun en lille del af dette. Den fysiske udfoldelse blev oprindeligt dyrket med det form\u00e5l at stilne krop og sind, s\u00e5 man var klar til at dedikere sig til den \u00e5ndelige praksis i meditation og b\u00f8n. Hvis man tager udgangspunkt i denne fysiske praksis, er der ingen grund til at t\u00e6nke, at yogaen ikke kan anvendes som et &#8220;redskab&#8221; i den kristne trospraksis, p\u00e5 trods af dens oprindelse. Et redskab der l\u00e6gger sig i naturlig forl\u00e6ngelse af en i forvejen eksisterende tradition for kristen b\u00f8n- og meditation.<\/p>\n\n\n\n<div class=\"wp-block-media-text is-stacked-on-mobile has-mono-3-background-color has-background\"><figure class=\"wp-block-media-text__media\"><img loading=\"lazy\" decoding=\"async\" width=\"1024\" height=\"1024\" src=\"https:\/\/gaiamind.dk\/wp-content\/uploads\/2024\/01\/DALL\u00b7E-2023-12-19-21.11.56-An-indoor-scene-of-a-traditional-church-with-Gothic-vaults-and-rows-of-church-benches-leading-to-an-ornate-altar-adorned-with-gold-and-religious-paint.png\" alt=\"\" class=\"wp-image-370 size-full\" srcset=\"http:\/\/gaiamind.dk\/wp-content\/uploads\/2024\/01\/DALL\u00b7E-2023-12-19-21.11.56-An-indoor-scene-of-a-traditional-church-with-Gothic-vaults-and-rows-of-church-benches-leading-to-an-ornate-altar-adorned-with-gold-and-religious-paint.png 1024w, http:\/\/gaiamind.dk\/wp-content\/uploads\/2024\/01\/DALL\u00b7E-2023-12-19-21.11.56-An-indoor-scene-of-a-traditional-church-with-Gothic-vaults-and-rows-of-church-benches-leading-to-an-ornate-altar-adorned-with-gold-and-religious-paint-300x300.png 300w, http:\/\/gaiamind.dk\/wp-content\/uploads\/2024\/01\/DALL\u00b7E-2023-12-19-21.11.56-An-indoor-scene-of-a-traditional-church-with-Gothic-vaults-and-rows-of-church-benches-leading-to-an-ornate-altar-adorned-with-gold-and-religious-paint-150x150.png 150w, http:\/\/gaiamind.dk\/wp-content\/uploads\/2024\/01\/DALL\u00b7E-2023-12-19-21.11.56-An-indoor-scene-of-a-traditional-church-with-Gothic-vaults-and-rows-of-church-benches-leading-to-an-ornate-altar-adorned-with-gold-and-religious-paint-768x768.png 768w\" sizes=\"auto, (max-width: 1024px) 100vw, 1024px\" \/><\/figure><div class=\"wp-block-media-text__content\">\n<p><\/p>\n\n\n\n<p>Min undervisning i KirkeYoga tager overvejende udgangspunkt i Yin-yogaen, der der en langsommelig og indadvendt yogaform. Her inddrages kropsscanninger og meditative elementer og undervisningen har fokus p\u00e5 at skabe ro og balance i krop og sind. Som oftes har hver praksis et tema, der afspilles en salme, nogle gange inddrages lyst\u00e6nding og vi afslutter med Fadervor.  <\/p>\n\n\n\n<p>Udover at undervise hold der er \u00e5bne for alle, har jeg ogs\u00e5 undervist konfirmander i yoga, som led i deres konfirmationsforberedelse. <\/p>\n<\/div><\/div>\n\n\n\n<div class=\"wp-block-group alignfull has-global-padding is-layout-constrained wp-container-core-group-is-layout-2f9b918a wp-block-group-is-layout-constrained\" style=\"padding-top:var(--wp--preset--spacing--superbspacing-large);padding-right:var(--wp--preset--spacing--superbspacing-small);padding-bottom:var(--wp--preset--spacing--superbspacing-large);padding-left:var(--wp--preset--spacing--superbspacing-small)\">\n<div class=\"wp-block-group alignfull has-global-padding is-layout-constrained wp-container-core-group-is-layout-2f9b918a wp-block-group-is-layout-constrained\" style=\"padding-top:var(--wp--preset--spacing--superbspacing-large);padding-right:var(--wp--preset--spacing--superbspacing-small);padding-bottom:var(--wp--preset--spacing--superbspacing-large);padding-left:var(--wp--preset--spacing--superbspacing-small)\">\n<div class=\"wp-block-group has-light-green-cyan-background-color has-background is-vertical is-content-justification-center is-layout-flex wp-container-core-group-is-layout-4c120eef wp-block-group-is-layout-flex\">\n<div style=\"height:25px\" aria-hidden=\"true\" class=\"wp-block-spacer wp-container-content-c00f5982\"><\/div>\n\n\n\n<p class=\"has-text-align-center has-mono-1-color has-text-color has-link-color has-superbfont-small-font-size wp-elements-2dc634e508b57e6fb34426745e14850b\">&#8220;<em>Til blide toner folder KirkeYoga sig ud i de gamle, smukke rammer i kirkerummet, mens Anna guider os igennem dagens tema. Med blik&nbsp;for at forene den meditative yogapraksis med kirkerummets s\u00e6rlige stemning leder hun n\u00e6nsomt b\u00e5de krop, sind og sj\u00e6l i balance, s\u00e5 roen og freden f\u00e5r plads. Anna har en fin og varm m\u00e5de at m\u00f8de enhver deltager p\u00e5, s\u00e5 der er plads til de muligheder og begr\u00e6nsninger enhver kommer med. Annas fortolkning af KirkeYoga er en helt igennem dejlig oplevelse, som enhver burde pr\u00f8ve&#8221; <\/em><\/p>\n\n\n\n<h2 class=\"wp-block-heading has-text-align-center has-mono-1-color has-text-color has-superbfont-medium-font-size\"><strong>Mikela Rikke Risum<\/strong><\/h2>\n\n\n\n<p>Sognepr\u00e6st i Rye og Kirke Sonnerup<\/p>\n\n\n\n<div style=\"height:25px\" aria-hidden=\"true\" class=\"wp-block-spacer wp-container-content-c00f5982\"><\/div>\n<\/div>\n\n\n\n<div style=\"height:25px\" aria-hidden=\"true\" class=\"wp-block-spacer\"><\/div>\n\n\n\n<div class=\"wp-block-group has-light-green-cyan-background-color has-background is-vertical is-content-justification-center is-layout-flex wp-container-core-group-is-layout-4c120eef wp-block-group-is-layout-flex\">\n<div style=\"height:25px\" aria-hidden=\"true\" class=\"wp-block-spacer wp-container-content-c00f5982\"><\/div>\n\n\n\n<p class=\"has-text-align-center has-mono-1-color has-text-color has-link-color has-superbfont-small-font-size wp-elements-730f37700a050952859e1ea388bf6500\">&#8220;<em>Anna og konfirmanderne.<br>De himmelske kroppe bev\u00e6ger sig n\u00e6sten synkront gennem lokalet. Som var de \u00e9n krop, styret af Annas f\u00e5, velvalgte ord og hendes smittende k\u00e6rlige v\u00e6sen. Stemningen bliver p\u00e5 en gang bl\u00f8d og koncentreret. Hvad mere kan man bede om?&#8221;<\/em><\/p>\n\n\n\n<h2 class=\"wp-block-heading has-text-align-center has-mono-1-color has-text-color has-superbfont-medium-font-size\"><strong>Karen Vinther Ringsmose<\/strong><\/h2>\n\n\n\n<p>Sognepr\u00e6st i Rorup og Glim<\/p>\n\n\n\n<div style=\"height:25px\" aria-hidden=\"true\" class=\"wp-block-spacer wp-container-content-c00f5982\"><\/div>\n<\/div>\n<\/div>\n<\/div>\n\n\n\n<div class=\"wp-block-group alignfull has-global-padding is-layout-constrained wp-container-core-group-is-layout-2f9b918a wp-block-group-is-layout-constrained\" style=\"padding-top:var(--wp--preset--spacing--superbspacing-large);padding-right:var(--wp--preset--spacing--superbspacing-small);padding-bottom:var(--wp--preset--spacing--superbspacing-large);padding-left:var(--wp--preset--spacing--superbspacing-small)\">\n<div class=\"wp-block-group alignfull has-base-background-color has-background has-global-padding is-layout-constrained wp-container-core-group-is-layout-c3b3325f wp-block-group-is-layout-constrained\" style=\"margin-top:0;margin-bottom:0;padding-top:var(--wp--preset--spacing--superbspacing-large);padding-right:var(--wp--preset--spacing--superbspacing-small);padding-bottom:var(--wp--preset--spacing--superbspacing-large);padding-left:var(--wp--preset--spacing--superbspacing-small)\">\n<div class=\"wp-block-cover alignwide is-light\" style=\"border-radius:0px;padding-top:var(--wp--preset--spacing--superbspacing-large);padding-right:var(--wp--preset--spacing--superbspacing-medium);padding-bottom:var(--wp--preset--spacing--superbspacing-large);padding-left:var(--wp--preset--spacing--superbspacing-medium)\"><span aria-hidden=\"true\" class=\"wp-block-cover__background has-background-dim\"><\/span><img loading=\"lazy\" decoding=\"async\" width=\"2560\" height=\"1708\" class=\"wp-block-cover__image-background wp-image-208\" alt=\"\" src=\"http:\/\/gaiamind.dk\/wp-content\/uploads\/2023\/12\/yoga2pexels-cliff-booth-4056723-scaled.jpg\" data-object-fit=\"cover\" srcset=\"http:\/\/gaiamind.dk\/wp-content\/uploads\/2023\/12\/yoga2pexels-cliff-booth-4056723-scaled.jpg 2560w, http:\/\/gaiamind.dk\/wp-content\/uploads\/2023\/12\/yoga2pexels-cliff-booth-4056723-300x200.jpg 300w, http:\/\/gaiamind.dk\/wp-content\/uploads\/2023\/12\/yoga2pexels-cliff-booth-4056723-1024x683.jpg 1024w, http:\/\/gaiamind.dk\/wp-content\/uploads\/2023\/12\/yoga2pexels-cliff-booth-4056723-768x513.jpg 768w, http:\/\/gaiamind.dk\/wp-content\/uploads\/2023\/12\/yoga2pexels-cliff-booth-4056723-1536x1025.jpg 1536w, http:\/\/gaiamind.dk\/wp-content\/uploads\/2023\/12\/yoga2pexels-cliff-booth-4056723-2048x1367.jpg 2048w\" sizes=\"auto, (max-width: 2560px) 100vw, 2560px\" \/><div class=\"wp-block-cover__inner-container has-global-padding is-layout-constrained wp-container-core-cover-is-layout-0836a3dc wp-block-cover-is-layout-constrained\">\n<div class=\"wp-block-group has-global-padding is-layout-constrained wp-container-core-group-is-layout-e52907a5 wp-block-group-is-layout-constrained\">\n<h2 class=\"wp-block-heading has-text-align-center has-contrast-light-color has-text-color has-superbfont-xxlarge-font-size\">Vil du vide mere?<\/h2>\n\n\n\n<p class=\"has-text-align-center has-contrast-light-color has-text-color has-superbfont-small-font-size\">Kontakt mig for en uforpligtende snak om et samarbejde, om mulighederne for yoga i en kirkelig kontekst eller hvis du er blevet nysgerrig p\u00e5, hvor jeg aktuelt underviser henne<\/p>\n<\/div>\n\n\n\n<div class=\"wp-block-buttons is-content-justification-center is-layout-flex wp-container-core-buttons-is-layout-a89b3969 wp-block-buttons-is-layout-flex\">\n<div class=\"wp-block-button\"><a class=\"wp-block-button__link wp-element-button\" href=\"http:\/\/gaiamind.dk\/index.php\/kontakt\/\">KONTAKT<\/a><\/div>\n<\/div>\n<\/div><\/div>\n<\/div>\n<\/div>\n","protected":false},"excerpt":{"rendered":"<p>KirkeYoga, Himmelske Kroppe, CrossYoga, k\u00e6rt barn har mange navne og ogs\u00e5 indholdet er forskelligt alt efter, hvem der laver det. Nogle steder foreg\u00e5r det i sognehuse og andre steder i selve kirkerummet, nogle steder inkluderes salmer, b\u00f8nner eller bibell\u00e6sning og andre steder er fokus udelukkende p\u00e5 den kropslige praksis. F\u00e6lles for alle versioner er, at [&hellip;]<\/p>\n","protected":false},"author":1,"featured_media":0,"parent":115,"menu_order":0,"comment_status":"closed","ping_status":"closed","template":"","meta":{"footnotes":""},"class_list":["post-122","page","type-page","status-publish","hentry"],"_links":{"self":[{"href":"http:\/\/gaiamind.dk\/index.php\/wp-json\/wp\/v2\/pages\/122","targetHints":{"allow":["GET"]}}],"collection":[{"href":"http:\/\/gaiamind.dk\/index.php\/wp-json\/wp\/v2\/pages"}],"about":[{"href":"http:\/\/gaiamind.dk\/index.php\/wp-json\/wp\/v2\/types\/page"}],"author":[{"embeddable":true,"href":"http:\/\/gaiamind.dk\/index.php\/wp-json\/wp\/v2\/users\/1"}],"replies":[{"embeddable":true,"href":"http:\/\/gaiamind.dk\/index.php\/wp-json\/wp\/v2\/comments?post=122"}],"version-history":[{"count":43,"href":"http:\/\/gaiamind.dk\/index.php\/wp-json\/wp\/v2\/pages\/122\/revisions"}],"predecessor-version":[{"id":1036,"href":"http:\/\/gaiamind.dk\/index.php\/wp-json\/wp\/v2\/pages\/122\/revisions\/1036"}],"up":[{"embeddable":true,"href":"http:\/\/gaiamind.dk\/index.php\/wp-json\/wp\/v2\/pages\/115"}],"wp:attachment":[{"href":"http:\/\/gaiamind.dk\/index.php\/wp-json\/wp\/v2\/media?parent=122"}],"curies":[{"name":"wp","href":"https:\/\/api.w.org\/{rel}","templated":true}]}}